{"id":3945,"date":"2022-01-02T21:33:48","date_gmt":"2022-01-02T20:33:48","guid":{"rendered":"https:\/\/www.ff-reichertshausen.de\/cms\/?page_id=3945"},"modified":"2026-04-28T16:12:51","modified_gmt":"2026-04-28T14:12:51","slug":"einsaetze","status":"publish","type":"page","link":"https:\/\/www.ff-reichertshausen.de\/cms\/einsaetze\/","title":{"rendered":"Eins\u00e4tze"},"content":{"rendered":"<p><strong>Unser Einsatz <\/strong>war zuletzt notwendig:<\/p>\n<table width=\"380\">\n<tbody>\n<tr>\n<th style=\"text-align: center;\"><strong>Nr<\/strong><\/th>\n<th style=\"text-align: center;\"><strong>Datum<\/strong><\/th>\n<th style=\"text-align: center;\">Uhrzeit<\/th>\n<th>Ort und Einsatz<\/th>\n<th style=\"text-align: center;\">Dauer<br \/>(Std.)<\/th>\n<\/tr>\n<tr>\n<td style=\"text-align: right;\">20<\/td>\n<td style=\"text-align: center;\">24.04.2026<\/td>\n<td style=\"text-align: center;\">16:12<\/td>\n<td>Brand Aussiedlerhof, Kleinkammerberg<\/td>\n<td style=\"text-align: center;\">2,75<\/td>\n<\/tr>\n<tr>\n<td style=\"text-align: right;\">19<\/td>\n<td style=\"text-align: center;\">18.04.2026<\/td>\n<td style=\"text-align: center;\">19:00<\/td>\n<td>Sanit\u00e4tsdienst Veranstaltung Ilmtalhalle<\/td>\n<td style=\"text-align: center;\">3,25<\/td>\n<\/tr>\n<tr>\n<td style=\"text-align: right;\">18<\/td>\n<td style=\"text-align: center;\">18.04.2026<\/td>\n<td style=\"text-align: center;\">17:30<\/td>\n<td>Verkehrslenkende Ma\u00dfnahmen Veranstaltung Ilmtalhalle<\/td>\n<td style=\"text-align: center;\">2,5<\/td>\n<\/tr>\n<tr>\n<td style=\"text-align: right;\">17<\/td>\n<td style=\"text-align: center;\">14.04.2026<\/td>\n<td style=\"text-align: center;\">5:51<\/td>\n<td>THL Bahn, Bahnhof Reichertshausen<\/td>\n<td style=\"text-align: center;\">0,66<\/td>\n<\/tr>\n<tr>\n<td style=\"text-align: right;\">16<\/td>\n<td style=\"text-align: center;\">08.04.2026<\/td>\n<td style=\"text-align: center;\">12:01<\/td>\n<td>First Responder, Seniorendomizil<\/td>\n<td style=\"text-align: center;\">0,75<\/td>\n<\/tr>\n<tr>\n<td style=\"text-align: right;\">15<\/td>\n<td style=\"text-align: center;\">27.03.2026<\/td>\n<td style=\"text-align: center;\">19:30<\/td>\n<td>Zimmerbrand &#8211; Fehlalarm, Haunstetten<\/td>\n<td style=\"text-align: center;\">0,33<\/td>\n<\/tr>\n<tr>\n<td style=\"text-align: right;\">14<\/td>\n<td style=\"text-align: center;\">24.03.2026<\/td>\n<td style=\"text-align: center;\">20:18<\/td>\n<td>\u00d6lspur zwischen Reichertshausen-Kohlm\u00fchle<\/td>\n<td style=\"text-align: center;\">1,75<\/td>\n<\/tr>\n<tr>\n<td style=\"text-align: right;\">13<\/td>\n<td style=\"text-align: center;\">23.03.2026<\/td>\n<td style=\"text-align: center;\">6:56<\/td>\n<td>Brand am Geb\u00e4ude &#8222;Fehlalarm&#8220;, Ilmm\u00fcnster<\/td>\n<td style=\"text-align: center;\">0,33<\/td>\n<\/tr><tr>\n<td style=\"text-align: right;\">12<\/td>\n<td style=\"text-align: center;\">20.03.2026<\/td>\n<td style=\"text-align: center;\">13:30<\/td>\n<td>Unterst\u00fctzung Rettungsdienst, Schlo\u00dfstra\u00dfe Reichertshausen<\/td>\n<td style=\"text-align: center;\">0,66<\/td>\n<\/tr>\n<tr>\n<td style=\"text-align: right;\">11<\/td>\n<td style=\"text-align: center;\">20.03.2026<\/td>\n<td style=\"text-align: center;\">13:09<\/td>\n<td>Verkehrsunfall Bus, Fernhag, Jetzendorfer Stra\u00dfe<\/td>\n<td style=\"text-align: center;\">0,33<\/td>\n<\/tr>\n<tr>\n<td style=\"text-align: right;\">10<\/td>\n<td style=\"text-align: center;\">14.03.2026<\/td>\n<td style=\"text-align: center;\">8:45<\/td>\n<td>Unterst\u00fctzung Ramadama<\/td>\n<td style=\"text-align: center;\">2,0<\/td>\n<\/tr>\n<tr>\n<td style=\"text-align: right;\">9<\/td>\n<td style=\"text-align: center;\">10.03.2026<\/td>\n<td style=\"text-align: center;\">15:51<\/td>\n<td>Bahndammbrand Paindorf<\/td>\n<td style=\"text-align: center;\">1,25<\/td>\n<\/tr>\n<tr>\n<td style=\"text-align: right;\">8<\/td>\n<td style=\"text-align: center;\">07.03.2026<\/td>\n<td style=\"text-align: center;\">11:46<\/td>\n<td>auslaufende Betriebsstoffe, Pfaffenhofener Str. 8, Reichertshausen<\/td>\n<td style=\"text-align: center;\">0,5<\/td>\n<\/tr>\n<tr>\n<td style=\"text-align: right;\">7<\/td>\n<td style=\"text-align: center;\">25.02.2026<\/td>\n<td style=\"text-align: center;\">17:53<\/td>\n<td>Technische Hilfeleistung, Bahnhof Reichertshausen<\/td>\n<td style=\"text-align: center;\">2,5<\/td>\n<\/tr>\n<tr>\n<td style=\"text-align: right;\">6<\/td>\n<td style=\"text-align: center;\">15.02.2026<\/td>\n<td style=\"text-align: center;\">11:45<\/td>\n<td>Verkehrslenkung Faschingszug<\/td>\n<td style=\"text-align: center;\">3,25<\/td>\n<\/tr>\n<tr>\n<td style=\"text-align: right;\">5<\/td>\n<td style=\"text-align: center;\">15.02.2026<\/td>\n<td style=\"text-align: center;\">11:30<\/td>\n<td>Absicherung\/Begleitung Faschingszug<\/td>\n<td style=\"text-align: center;\">4,5<\/td>\n<\/tr>\n<tr>\n<td style=\"text-align: right;\">4<\/td>\n<td style=\"text-align: center;\">08.02.2026<\/td>\n<td style=\"text-align: center;\">12:30<\/td>\n<td>Sanit\u00e4tsdienst Auftritt OCV<\/td>\n<td style=\"text-align: center;\">2,5<\/td>\n<\/tr>\n<tr>\n<td style=\"text-align: right;\">3<\/td>\n<td style=\"text-align: center;\">25.01.2026<\/td>\n<td style=\"text-align: center;\">10:30<\/td>\n<td>Sanit\u00e4tsdienst Gardetreffen OCV<\/td>\n<td style=\"text-align: center;\">10,5<\/td>\n<\/tr>\n<tr>\n<td style=\"text-align: right;\">2<\/td>\n<td style=\"text-align: center;\">21.01.2026<\/td>\n<td style=\"text-align: center;\">12:09<\/td>\n<td>T\u00fcr\u00f6ffnung Kreuter Str., Reichertshausen<\/td>\n<td style=\"text-align: center;\">0,33<\/td>\n<\/tr>\n<tr>\n<td style=\"text-align: right;\">1<\/td>\n<td style=\"text-align: center;\">08.01.2026<\/td>\n<td style=\"text-align: center;\">21:00<\/td>\n<td>Personensuche Pischelsdorf<\/td>\n<td style=\"text-align: center;\">1,0<\/td>\n<\/tr>\n<\/tbody>\n<\/table>\n<p><a href=\"https:\/\/www.ff-reichertshausen.de\/cms\/einsaetze-2025\/\" data-wp-editing=\"1\"><img decoding=\"async\" src=\"https:\/\/www.ff-reichertshausen.de\/cms\/wp-content\/themes\/twentyten-ffrs\/images\/strahlrohr-l.gif\" alt=\"\" \/> Weiter zu Eins\u00e4tze 2025&#8230;<\/a><\/p>\n<p><a href=\"https:\/\/www.ff-reichertshausen.de\/cms\/?page_id=25\"><img decoding=\"async\" src=\"https:\/\/www.ff-reichertshausen.de\/cms\/wp-content\/themes\/twentyten-ffrs\/images\/strahlrohr-l.gif\" alt=\"\" \/> Unsere Eins\u00e4tze seit 2011<br \/>(Beginn unserer Einsatz-Ver\u00f6ffentlichungen im Internet &#8230;)<\/a><\/p>\n<table width=\"380\">\n<tbody>\n<tr>\n<th>\u00a0<\/th>\n<\/tr>\n<\/tbody>\n<\/table>\n<p><a href=\"https:\/\/www.ff-reichertshausen.de\/pdf-docs\/adac-blaulicht-martinshorn.pdf\" target=\"_blank\" rel=\"noopener noreferrer\"><img loading=\"lazy\" decoding=\"async\" class=\"size-full wp-image-147 alignright\" title=\"Wichtige Hinweise zu Blaulicht und Martinshorn ...\" src=\"https:\/\/www.ff-reichertshausen.de\/cms\/wp-content\/uploads\/2011\/01\/Blaulicht.gif\" alt=\"\" width=\"104\" height=\"120\" \/><\/a><\/p>\n\n\n<p><\/p>\n","protected":false},"excerpt":{"rendered":"<p>Unser Einsatz war zuletzt notwendig: Nr Datum Uhrzeit Ort und Einsatz Dauer(Std.) 20 24.04.2026 16:12 Brand Aussiedlerhof, Kleinkammerberg 2,75 19 18.04.2026 19:00 Sanit\u00e4tsdienst Veranstaltung Ilmtalhalle 3,25 18 18.04.2026 17:30 Verkehrslenkende Ma\u00dfnahmen Veranstaltung Ilmtalhalle 2,5 17 14.04.2026 5:51 THL Bahn, Bahnhof Reichertshausen 0,66 16 08.04.2026 12:01 First Responder, Seniorendomizil 0,75 15 27.03.2026 19:30 Zimmerbrand &#8211; Fehlalarm, &hellip; <a href=\"https:\/\/www.ff-reichertshausen.de\/cms\/einsaetze\/\" class=\"more-link\"><span class=\"screen-reader-text\">Eins\u00e4tze<\/span> weiterlesen <span class=\"meta-nav\">&rarr;<\/span><\/a><\/p>\n","protected":false},"author":39,"featured_media":0,"parent":0,"menu_order":0,"comment_status":"closed","ping_status":"closed","template":"","meta":{"footnotes":""},"class_list":["post-3945","page","type-page","status-publish","hentry"],"_links":{"self":[{"href":"https:\/\/www.ff-reichertshausen.de\/cms\/wp-json\/wp\/v2\/pages\/3945","targetHints":{"allow":["GET"]}}],"collection":[{"href":"https:\/\/www.ff-reichertshausen.de\/cms\/wp-json\/wp\/v2\/pages"}],"about":[{"href":"https:\/\/www.ff-reichertshausen.de\/cms\/wp-json\/wp\/v2\/types\/page"}],"author":[{"embeddable":true,"href":"https:\/\/www.ff-reichertshausen.de\/cms\/wp-json\/wp\/v2\/users\/39"}],"replies":[{"embeddable":true,"href":"https:\/\/www.ff-reichertshausen.de\/cms\/wp-json\/wp\/v2\/comments?post=3945"}],"version-history":[{"count":69,"href":"https:\/\/www.ff-reichertshausen.de\/cms\/wp-json\/wp\/v2\/pages\/3945\/revisions"}],"predecessor-version":[{"id":6429,"href":"https:\/\/www.ff-reichertshausen.de\/cms\/wp-json\/wp\/v2\/pages\/3945\/revisions\/6429"}],"wp:attachment":[{"href":"https:\/\/www.ff-reichertshausen.de\/cms\/wp-json\/wp\/v2\/media?parent=3945"}],"curies":[{"name":"wp","href":"https:\/\/api.w.org\/{rel}","templated":true}]}}