{"id":3410,"date":"2020-01-01T18:39:44","date_gmt":"2020-01-01T17:39:44","guid":{"rendered":"https:\/\/www.ff-reichertshausen.de\/cms\/?page_id=3410"},"modified":"2020-01-01T18:39:46","modified_gmt":"2020-01-01T17:39:46","slug":"einsaetze-2019","status":"publish","type":"page","link":"https:\/\/www.ff-reichertshausen.de\/cms\/einsaetze\/einsaetze-2021\/einsaetze-2020\/einsaetze-2019\/","title":{"rendered":"Eins\u00e4tze 2019"},"content":{"rendered":"<p><strong>Unser Einsatz <\/strong>war zuletzt notwendig:<\/p>\n<table width=\"380\">\n<tbody>\n<tr>\n<th><strong>Nr<\/strong><\/th>\n<th><strong>Datum<\/strong><\/th>\n<th>Uhrzeit<\/th>\n<th>Ort und Einsatz<\/th>\n<th>Dauer<br>(Std.)<\/th>\n<\/tr>\n<tr>\n<td>52<\/td>\n<td>27.12.2019<\/td>\n<td>19:15<\/td>\n<td>Reichertshausen<br>Ilmtalhalle<br>Sicherheitswache<\/td>\n<td>3,75<\/td>\n<\/tr>\n<tr>\n<td>51<\/td>\n<td>15.12.2019<\/td>\n<td>9:59<\/td>\n<td>Reichertshausen<br>M\u00fcnchner Stra\u00dfe<br>Verkehrsunfall &#8211; eingeklemmte Person<\/td>\n<td>1,25<\/td>\n<\/tr>\n<tr>\n<td>50<\/td>\n<td>14.12.2019<\/td>\n<td>11:45<\/td>\n<td>Reichertshausen<br>Sonnenweg<br>Baum \u00fcber Gehweg<\/td>\n<td>0,5<\/td>\n<\/tr>\n<tr>\n<td>49<\/td>\n<td>16.11.2019<\/td>\n<td>19:30<\/td>\n<td>Reichertshausen<br>Stra\u00dfensicherung<br>Volkstrauertag<\/td>\n<td>0,5<\/td>\n<\/tr>\n<tr>\n<td>48<\/td>\n<td>13.11.2019<\/td>\n<td>11:13<\/td>\n<td>Lausham<br>Reichertshausener Stra\u00dfe<br>Verkehrsunfall<\/td>\n<td>1,0<\/td>\n<\/tr>\n<tr>\n<td>47<\/td>\n<td>11.11.2019<\/td>\n<td>17:00<\/td>\n<td>Reichertshausen<br>Stra\u00dfensicherung<br>Martinszug<\/td>\n<td>0,5<\/td>\n<\/tr>\n<tr>\n<td>46<\/td>\n<td>06.11.2019<\/td>\n<td>19:35<\/td>\n<td>Hettenshausen<br>B13 Abzweig Prambach<br>Verkehrsunfall<\/td>\n<td>0,5<\/td>\n<\/tr>\n<tr>\n<td>45<\/td>\n<td>12.09.2019<\/td>\n<td>3:08<\/td>\n<td>Ilmm\u00fcnster<br>Scheyerer Stra\u00dfe<br>undefinierbarer Geruch<\/td>\n<td>0,66<\/td>\n<\/tr>\n<tr>\n<td>44<\/td>\n<td>10.09.2019<\/td>\n<td>12:58<\/td>\n<td>Reichertshausen<br>Am Nordhang<br>T\u00fcr\u00f6ffnung<\/td>\n<td>0,5<\/td>\n<\/tr>\n<tr>\n<td>43<\/td>\n<td>09.09.2019<\/td>\n<td>15:45<\/td>\n<td>Reichertshausen<br>Schlossstra\u00dfe<br>Tierrettung &#8211; Katze auf Baum<\/td>\n<td>0,75<\/td>\n<\/tr>\n<tr>\n<td>42<\/td>\n<td>06.09.2019<\/td>\n<td>19:38<\/td>\n<td>B13 zw. Salmading und Wahl<br>Verkehrsunfall<\/td>\n<td>1,75<\/td>\n<\/tr>\n<tr>\n<td>41<\/td>\n<td>31.08.2019<\/td>\n<td>12:41<\/td>\n<td>Niernsdorf<br><a href=\"https:\/\/pfaffenhofen-today.de\/52064-unfall-010919\">Verkehrsunfall<\/a><\/td>\n<td>4,5<\/td>\n<\/tr>\n<tr>\n<td>40<\/td>\n<td>28.08.2019<\/td>\n<td>22:19<\/td>\n<td>Reichertshausen<br>Ausl\u00f6sen Brandmeldeanlage<\/td>\n<td>0,33<\/td>\n<\/tr>\n<tr>\n<td>39<\/td>\n<td>23.08.2019<\/td>\n<td>19:58<\/td>\n<td>Paindorf<br>Gro\u00dftierrettung<br>Pferd steckt in Bach fest<\/td>\n<td>1,75<\/td>\n<\/tr>\n<tr>\n<td>38<\/td>\n<td>14.08.2019<\/td>\n<td>13:07<\/td>\n<td>Reichertshausen<br>Salmadinger Stra\u00dfe<br>Wasserrohrbruch<\/td>\n<td>0,66<\/td>\n<\/tr>\n<tr>\n<td>37<\/td>\n<td>10.08.2019<\/td>\n<td>5:47<\/td>\n<td>Reichertshausen<br>Ausl\u00f6sen Brandmeldeanlage<\/td>\n<td>0,5<\/td>\n<\/tr>\n<tr>\n<td>36<\/td>\n<td>09.08.2019<\/td>\n<td>21:37<\/td>\n<td>Ilmberg<br>Brand Misthaufen<\/td>\n<td>1,5<\/td>\n<\/tr>\n<tr>\n<td>35<\/td>\n<td>05.08.2019<\/td>\n<td>9:30<\/td>\n<td>Reichertshausen<br>Kirchenweg<br>auslaufende Betriebsstoffe<\/td>\n<td>0,5<\/td>\n<\/tr>\n<tr>\n<td>34<\/td>\n<td>27.07.2019<\/td>\n<td>21:19<\/td>\n<td>Niernsdorf<br>Brand Recyclingbetrieb<\/td>\n<td>2,0<\/td>\n<\/tr>\n<tr>\n<td>33<\/td>\n<td>14.07.2019<\/td>\n<td>12:22<\/td>\n<td>Reichertshausen &#8211; Kreuth<br>Baum \u00fcber Stra\u00dfe<\/td>\n<td>0,66<\/td>\n<\/tr>\n<tr>\n<td>32<\/td>\n<td>03.07.2019<\/td>\n<td>11:12<\/td>\n<td>Reichertshausen<br>Angerhofstra\u00dfe<br>Tierrettung<\/td>\n<td>0,25<\/td>\n<\/tr>\n<tr>\n<td>31<\/td>\n<td>27.06.2019<\/td>\n<td>20:06<\/td>\n<td>Salmading<br>Brand Rundballenpresse<\/td>\n<td>0,66<\/td>\n<\/tr>\n<tr>\n<td>30<\/td>\n<td>21.06.2019<\/td>\n<td>22:05<\/td>\n<td>Haunstetten, Bachweg<br>Brand Freifl\u00e4che<\/td>\n<td>0,33<\/td>\n<\/tr>\n<tr>\n<td>29<\/td>\n<td>25.06.2019<\/td>\n<td>21:56<\/td>\n<td>Reichertshausen Ilmtal<br>Rauchentwicklung in Wohung<\/td>\n<td>0,66<\/td>\n<\/tr>\n<tr>\n<td>28<\/td>\n<td>21.06.2019<\/td>\n<td>20:39<\/td>\n<td>Oberpaindorf<br>Brand kleine Freifl\u00e4che<\/td>\n<td>0,25<\/td>\n<\/tr>\n<tr>\n<td>27<\/td>\n<td>08.06.2019<\/td>\n<td>16:50<\/td>\n<td>Steinkirchen<br>Person in Traktor eingeklemmt<\/td>\n<td>0,75<\/td>\n<\/tr>\n<tr>\n<td>26<\/td>\n<td>02.06.2019<\/td>\n<td>14:00<\/td>\n<td>Reichertshausen<br>Stra\u00dfensperre<br>Sch\u00fctzenumzug<\/td>\n<td>1,0<\/td>\n<\/tr>\n<tr>\n<td>25<\/td>\n<td>30.05.2019<\/td>\n<td>14:30<\/td>\n<td>Reichertshausen<br>Stra\u00dfensperre<br>Volksfesteinzug<\/td>\n<td>0,33<\/td>\n<\/tr>\n<tr>\n<td>24<\/td>\n<td>30.05.2019<\/td>\n<td>14:20<\/td>\n<td>Bahnstrecke M\u00fcnchen-Ingolstadt<br>H\u00f6he Riederm\u00fchle<br>Bahndammbrand<\/td>\n<td>0,5<\/td>\n<\/tr>\n<tr>\n<td>23<\/td>\n<td>26.05.2019<\/td>\n<td>10:00<\/td>\n<td>Reichertshausen<br>Erstkommunion<br>Stra\u00dfensicherung<\/td>\n<td>0,33<\/td>\n<\/tr>\n<tr>\n<td>22<\/td>\n<td>23.05.2019<\/td>\n<td>02:18<\/td>\n<td>Kreuth<br>T\u00fcr\u00f6ffnung<\/td>\n<td>0,5<\/td>\n<\/tr>\n<tr>\n<td>21<\/td>\n<td>21.05.2019<\/td>\n<td>14:35<\/td>\n<td>Herrnrast<br>Verkehrsunfall<\/td>\n<td>1,0<\/td>\n<\/tr>\n<tr>\n<td>20<\/td>\n<td>18.05.2019<\/td>\n<td>14:30<\/td>\n<td>Ilmm\u00fcnster<br>B13 H\u00f6he Niederthann<br>Verkehrsunfall mit verletzten Personen<\/td>\n<td>2,0<\/td>\n<\/tr>\n<tr>\n<td>19<\/td>\n<td>26.04.2019<\/td>\n<td>12:01<\/td>\n<td>Reichertshausen<br>Pfaffenhofener Stra\u00dfe<br>\u00d6lspur<\/td>\n<td>2,66<\/td>\n<\/tr>\n<tr>\n<td>18<\/td>\n<td>25.04.2019<\/td>\n<td>19:01<\/td>\n<td>Triefing &#8211; Gurn\u00f6bach<br>Verkehrsunfall<\/td>\n<td>0,5<\/td>\n<\/tr>\n<tr>\n<td>17<\/td>\n<td>24.04.2019<\/td>\n<td>1:30<\/td>\n<td>Oberpaindorf<br>B\u00f6schungsbrand<\/td>\n<td>&nbsp;<\/td>\n<\/tr>\n<tr>\n<td>16<\/td>\n<td>20.04.2019<\/td>\n<td>21:35<\/td>\n<td>Paindorf<br>Osterfeuer au\u00dfer Kontrolle<br>*** Fehlalarm ***<\/td>\n<td>0,25<\/td>\n<\/tr>\n<tr>\n<td>15<\/td>\n<td>02.04.2019<\/td>\n<td>6:24<\/td>\n<td>Oberpaindorf<br>Am Bahnhof<br>Brand Komposthaufen<\/td>\n<td>1,0<\/td>\n<\/tr>\n<tr>\n<td>14<\/td>\n<td>30.03.2019<\/td>\n<td>13:49<\/td>\n<td>Niernsdorf<br>Brand Recyclingbetrieb<\/td>\n<td>4,5<\/td>\n<\/tr>\n<tr>\n<td>13<\/td>\n<td>23.03.2019<\/td>\n<td>14:45<\/td>\n<td>Reichertshausen<br>Pfaffenhofener Stra\u00dfe<br>Wasserrohrbruch<\/td>\n<td>0,75<\/td>\n<\/tr>\n<tr>\n<td>12<\/td>\n<td>16.03.2019<\/td>\n<td>9:00<\/td>\n<td>Ramadama<\/td>\n<td>2,5<\/td>\n<\/tr>\n<tr>\n<td>11<\/td>\n<td>14.03.2019<\/td>\n<td>11:38<\/td>\n<td>Reichertshausen<br>Am Hofberg<br>Wohnungs\u00f6ffnung<\/td>\n<td>0,25<\/td>\n<\/tr>\n<tr>\n<td>10<\/td>\n<td>03.03.2019<\/td>\n<td>18:00<\/td>\n<td>Reichertshausen Gemeindegebiet<br>Faschingszug<br>Zugbegleitung<\/td>\n<td>3,0<\/td>\n<\/tr>\n<tr>\n<td>9<\/td>\n<td>03.03.2019<\/td>\n<td>13:00<\/td>\n<td>Reichertshausen<br>Faschingszug<br>Stra\u00dfensperre<\/td>\n<td>0,75<\/td>\n<\/tr>\n<tr>\n<td>8<\/td>\n<td>15.02.2019<\/td>\n<td>18:00<\/td>\n<td>Reichertshausen<br>Ilmtalhalle<br>Sicherheitswache<\/td>\n<td>4,0<\/td>\n<\/tr>\n<tr>\n<td>7<\/td>\n<td>15.02.2019<\/td>\n<td>17:00<\/td>\n<td>Reichertshausen<br>Ilmtalhalle<br>Parkplatz einweisen<\/td>\n<td>3,0<\/td>\n<\/tr>\n<tr>\n<td>6<\/td>\n<td>03.02.2019<\/td>\n<td>19:59<\/td>\n<td>Salmading &#8211; Niernsdorf<br>gemeldet: Verkehrsunfall<br>Es konnte kein Verkehrsunfall festgestellt werden.<\/td>\n<td>0,5<\/td>\n<\/tr>\n<tr>\n<td>5<\/td>\n<td>30.01.2019<\/td>\n<td>18:24<\/td>\n<td>Niernsdorf<br>Brand Freifl\u00e4che<\/td>\n<td>1,33<\/td>\n<\/tr>\n<tr>\n<td>4<\/td>\n<td>17.01.2019<\/td>\n<td>05:30<\/td>\n<td>Hilfeleistungskontingent<br><a href=\"https:\/\/www.ff-reichertshausen.de\/cms\/schneekatastrophe-in-den-alpen-3\/\">Schneekatastrophe<\/a><br>Bayerischzell<br>(Landkreis Miesbach)<\/td>\n<td>15<\/td>\n<\/tr>\n<tr>\n<td>3<\/td>\n<td>15.01.2019<\/td>\n<td>06:00<\/td>\n<td>Hilfeleistungskontingent<br><a href=\"https:\/\/www.ff-reichertshausen.de\/cms\/schneekatastrophe-in-den-alpen-2\/\">Schneekatastrophe<\/a><br>Bayerischzell<br>(Landkreis Miesbach)<\/td>\n<td>15<\/td>\n<\/tr>\n<tr>\n<td>2<\/td>\n<td>14.01.2019<\/td>\n<td>14:45<\/td>\n<td>Reichertshausen<br>Gemeindegebiet<br>Erkundungsfahrt wegen<br>Hochwasser-Gefahr<\/td>\n<td>1<\/td>\n<\/tr>\n<tr>\n<td>1<\/td>\n<td>11.01.2019<\/td>\n<td>17:00<\/td>\n<td>Hilfeleistungskontingent<br><a href=\"https:\/\/www.ff-reichertshausen.de\/cms\/schneekatastrophe-in-den-alpen\/\">Schneekatastrophe<\/a><br>Miesbach\/Rottach-Egern<br>(Landkreis Miesbach)<\/td>\n<td>26<\/td>\n<\/tr>\n<\/tbody>\n<\/table>\n<p><a href=\"https:\/\/www.ff-reichertshausen.de\/cms\/einsaetze-2018\/\"><img decoding=\"async\" src=\"https:\/\/www.ff-reichertshausen.de\/cms\/wp-content\/themes\/twentyten-ffrs\/images\/strahlrohr-l.gif\" alt=\"\"> Weiter zu Eins\u00e4tze 2018&#8230;<\/a><\/p>\n<p><a href=\"https:\/\/www.ff-reichertshausen.de\/cms\/?page_id=25\"><img decoding=\"async\" src=\"https:\/\/www.ff-reichertshausen.de\/cms\/wp-content\/themes\/twentyten-ffrs\/images\/strahlrohr-l.gif\" alt=\"\"> Unsere Eins\u00e4tze seit 2011<br>(Beginn unserer Einsatz-Ver\u00f6ffentlichungen im Internet &#8230;)<\/a><\/p>\n<table width=\"380\">\n<tbody>\n<tr>\n<th>&nbsp;<\/th>\n<\/tr>\n<\/tbody>\n<\/table>\n<p><a href=\"https:\/\/www.ff-reichertshausen.de\/pdf-docs\/adac-blaulicht-martinshorn.pdf\" target=\"_blank\" rel=\"noopener noreferrer\"><img loading=\"lazy\" decoding=\"async\" class=\"size-full wp-image-147 alignright\" title=\"Wichtige Hinweise zu Blaulicht und Martinshorn ...\" src=\"https:\/\/www.ff-reichertshausen.de\/cms\/wp-content\/uploads\/2011\/01\/Blaulicht.gif\" alt=\"\" width=\"104\" height=\"120\"><\/a><\/p>\n\n\n<p><\/p>\n","protected":false},"excerpt":{"rendered":"<p>Unser Einsatz war zuletzt notwendig: Nr Datum Uhrzeit Ort und Einsatz Dauer(Std.) 52 27.12.2019 19:15 ReichertshausenIlmtalhalleSicherheitswache 3,75 51 15.12.2019 9:59 ReichertshausenM\u00fcnchner Stra\u00dfeVerkehrsunfall &#8211; eingeklemmte Person 1,25 50 14.12.2019 11:45 ReichertshausenSonnenwegBaum \u00fcber Gehweg 0,5 49 16.11.2019 19:30 ReichertshausenStra\u00dfensicherungVolkstrauertag 0,5 48 13.11.2019 11:13 LaushamReichertshausener Stra\u00dfeVerkehrsunfall 1,0 47 11.11.2019 17:00 ReichertshausenStra\u00dfensicherungMartinszug 0,5 46 06.11.2019 19:35 HettenshausenB13 Abzweig PrambachVerkehrsunfall &hellip; <a href=\"https:\/\/www.ff-reichertshausen.de\/cms\/einsaetze\/einsaetze-2021\/einsaetze-2020\/einsaetze-2019\/\" class=\"more-link\"><span class=\"screen-reader-text\">Eins\u00e4tze 2019<\/span> weiterlesen <span class=\"meta-nav\">&rarr;<\/span><\/a><\/p>\n","protected":false},"author":39,"featured_media":0,"parent":3073,"menu_order":0,"comment_status":"closed","ping_status":"closed","template":"","meta":{"footnotes":""},"class_list":["post-3410","page","type-page","status-publish","hentry"],"_links":{"self":[{"href":"https:\/\/www.ff-reichertshausen.de\/cms\/wp-json\/wp\/v2\/pages\/3410","targetHints":{"allow":["GET"]}}],"collection":[{"href":"https:\/\/www.ff-reichertshausen.de\/cms\/wp-json\/wp\/v2\/pages"}],"about":[{"href":"https:\/\/www.ff-reichertshausen.de\/cms\/wp-json\/wp\/v2\/types\/page"}],"author":[{"embeddable":true,"href":"https:\/\/www.ff-reichertshausen.de\/cms\/wp-json\/wp\/v2\/users\/39"}],"replies":[{"embeddable":true,"href":"https:\/\/www.ff-reichertshausen.de\/cms\/wp-json\/wp\/v2\/comments?post=3410"}],"version-history":[{"count":0,"href":"https:\/\/www.ff-reichertshausen.de\/cms\/wp-json\/wp\/v2\/pages\/3410\/revisions"}],"up":[{"embeddable":true,"href":"https:\/\/www.ff-reichertshausen.de\/cms\/wp-json\/wp\/v2\/pages\/3073"}],"wp:attachment":[{"href":"https:\/\/www.ff-reichertshausen.de\/cms\/wp-json\/wp\/v2\/media?parent=3410"}],"curies":[{"name":"wp","href":"https:\/\/api.w.org\/{rel}","templated":true}]}}