{"id":2270,"date":"2018-03-17T18:02:43","date_gmt":"2018-03-17T17:02:43","guid":{"rendered":"https:\/\/www.ff-reichertshausen.de\/cms\/?page_id=2270"},"modified":"2025-01-13T15:33:13","modified_gmt":"2025-01-13T14:33:13","slug":"ueber-uns","status":"publish","type":"page","link":"https:\/\/www.ff-reichertshausen.de\/cms\/ueber-uns\/","title":{"rendered":"\u00dcber uns"},"content":{"rendered":"\n<p><strong>Unsere Kommandanten <\/strong>leiten die Eins\u00e4tze und Ausbildung der aktiven Feuerwehr, ernennen Mannschafts- und F\u00fchrungsdienstgrade und beraten die Gemeinde in Fragen des abwehrenden Brandschutzes und des technischen Hilfsdienstes:<\/p>\n\n\n<div class=\"wp-block-image\">\n<figure class=\"aligncenter size-full\"><img loading=\"lazy\" decoding=\"async\" width=\"500\" height=\"400\" src=\"https:\/\/www.ff-reichertshausen.de\/cms\/wp-content\/uploads\/2025\/01\/2025_ueberuns400_03-1.jpg\" alt=\"\" class=\"wp-image-5635\"\/><\/figure><\/div>\n\n\n<p class=\"has-text-align-center\">Vinzent Ernstberger<br><a href=\"mailto:kommandant(at)ff-reichertshausen.de\">1. Kommandant<\/a><\/p>\n\n\n<div class=\"wp-block-image\">\n<figure class=\"aligncenter size-full\"><img loading=\"lazy\" decoding=\"async\" width=\"500\" height=\"400\" src=\"https:\/\/www.ff-reichertshausen.de\/cms\/wp-content\/uploads\/2025\/01\/2025_ueberuns400_02-1.jpg\" alt=\"\" class=\"wp-image-5636\"\/><\/figure><\/div>\n\n\n<p class=\"has-text-align-center\">Martin Profendiner<br><a href=\"mailto:kommandant(at)ff-reichertshausen.de\">stellvertretender Kommandant<\/a><\/p>\n\n\n<div class=\"wp-block-image\">\n<figure class=\"aligncenter size-full\"><img loading=\"lazy\" decoding=\"async\" width=\"500\" height=\"400\" src=\"https:\/\/www.ff-reichertshausen.de\/cms\/wp-content\/uploads\/2025\/01\/2025_ueberuns400_01-1.jpg\" alt=\"\" class=\"wp-image-5637\"\/><\/figure><\/div>\n\n\n<p class=\"has-text-align-center\">Herbert Prussas<br><a href=\"mailto:kommandant(at)ff-reichertshausen.de\">stellvertretender Kommandant<\/a><\/p>\n\n\n\n<p>Die <strong>Freiwillige Feuerwehr Reichertshausen<\/strong> ist eine \u00f6ffentliche Einrichtung der Gemeinde Reichertshausen unter F\u00fchrung des ersten und zweiten Kommandanten. Ihre geplante Weiterentwicklung basiert auf dem von der Gemeinde Reichertshausen beschlossenen <a href=\"https:\/\/www.ff-reichertshausen.de\/cms\/ueber-uns\/feuerwehr-zukunftsplan-2020ff\/\">Feuerwehr-Zukunftsplan 2020ff<\/a>.<\/p>\n\n\n\n<p>Der&nbsp;<strong>aktiven Wehr<\/strong> geh\u00f6ren derzeit 45 Feuerwehrleute (41 Feuerwehrm\u00e4nner und vier Feuerwehrfrauen) zwischen 18 und 65 Jahren an. Zur aktiven Feuerwehr geh\u00f6rt auch unsere <strong>Jugendfeuerwehr <\/strong>mit derzeit sieben Jugendfeuerwehrleuten zwischen 12 und 17 Jahren sowie die <strong>Kinderfeuerwehr<\/strong> f\u00fcr Kinder unter 12 Jahren mit derzeit 24 Mitgliedern.<\/p>\n\n\n\n<hr class=\"wp-block-separator has-alpha-channel-opacity\"\/>\n\n\n\n<div class=\"n module-type-text diyfeLiveArea \">\n<p><strong>Unser Vereinsvorstand<\/strong> leitet den Feuerwehrverein:<\/p>\n<p>\u200b<\/p>\n<table>\n<tbody>\n<tr>\n<td style=\"text-align: center;\" valign=\"top\"><a href=\"https:\/\/www.ff-reichertshausen.de\/cms\/wp-content\/uploads\/2022\/10\/Hans-J\u00fcrgen_neu.jpg\" class=\"highslide-image\" onclick=\"return hs.expand(this);\"><img loading=\"lazy\" decoding=\"async\" class=\"alignnone wp-image-4322\" src=\"https:\/\/www.ff-reichertshausen.de\/cms\/wp-content\/uploads\/2024\/03\/Hans_Juergen_Weiss_2024.jpg\" alt=\"\" width=\"324\" height=\"440\"><\/a><\/td>\n<td style=\"text-align: center;\" valign=\"top\"><a href=\"https:\/\/www.ff-reichertshausen.de\/cms\/wp-content\/uploads\/2022\/10\/Gert.jpg\" class=\"highslide-image\" onclick=\"return hs.expand(this);\"><img loading=\"lazy\" decoding=\"async\" class=\"alignnone size-full wp-image-4323\" src=\"https:\/\/www.ff-reichertshausen.de\/cms\/wp-content\/uploads\/2022\/10\/Gert.jpg\" alt=\"\" width=\"350\" height=\"446\"><\/a><\/td>\n<\/tr>\n<tr>\n<td style=\"text-align: center;\"><span style=\"font-size: 12pt;\"><strong>Hans-J\u00fcrgen Wei\u00df<br><\/strong><a href=\"mailto:vorstand@ff-reichertshausen.de\">1. Vorstand<\/a><\/span><\/td>\n<td style=\"text-align: center;\"><span style=\"font-size: 12pt;\"><strong>Gert Ernstberger<br><\/strong><a href=\"mailto:gert.ernstberger@ff-reichertshausen.de\">2. Vorstand<\/a><\/span><\/td>\n<\/tr>\n<tr>\n<td style=\"text-align: center;\" valign=\"top\"><a href=\"https:\/\/www.ff-reichertshausen.de\/cms\/wp-content\/uploads\/2024\/01\/Dennis-scaled.jpg\" class=\"highslide-image\" onclick=\"return hs.expand(this);\"><img loading=\"lazy\" decoding=\"async\" class=\"alignnone wp-image-5028 \" src=\"https:\/\/www.ff-reichertshausen.de\/cms\/wp-content\/uploads\/2024\/02\/Dennis.jpg\" alt=\"\" width=\"324\" height=\"440\"><\/a><\/td>\n<td style=\"text-align: center;\" valign=\"top\"><a href=\"https:\/\/www.ff-reichertshausen.de\/cms\/wp-content\/uploads\/2024\/01\/Dominik1.jpg\" class=\"highslide-image\" onclick=\"return hs.expand(this);\"><img loading=\"lazy\" decoding=\"async\" class=\"alignnone wp-image-5029 \" src=\"https:\/\/www.ff-reichertshausen.de\/cms\/wp-content\/uploads\/2024\/02\/Dominik.jpg\" alt=\"\" width=\"350\" height=\"446\"><\/a><\/td>\n<\/tr>\n<tr>\n<td style=\"text-align: center;\"><span style=\"font-size: 12pt;\"><strong>Dennis Denk<br><\/strong><a href=\"mailto:schriftfuehrer@ff-reichertshausen.de\">Schriftf\u00fchrer<\/a><\/span><\/td>\n<td style=\"text-align: center;\"><span style=\"font-size: 12pt;\"><strong>Dominik Neumeier<br><\/strong><a href=\"mailto:kassier@ff-reichertshausen.de\">Kassier<\/a><strong><br><\/strong><\/span><\/td>\n<\/tr>\n<\/tbody>\n<\/table>\n<\/div>\n\n\n\n<p>Der <strong>Feuerwehrverein<\/strong> unterst\u00fctzt die Freiwillige Feuerwehr, insbesondere durch die Werbung und das Stellen von Einsatzkr\u00e4ften und auch durch den Betrieb dieser Website. Der Vorstand des Feuerwehrvereins hat insbesondere die Aufgabe, das Vereinsverm\u00f6gen zu verwalten und den Verein nach au\u00dfen zu vertreten.<\/p>\n","protected":false},"excerpt":{"rendered":"<p>Unsere Kommandanten leiten die Eins\u00e4tze und Ausbildung der aktiven Feuerwehr, ernennen Mannschafts- und F\u00fchrungsdienstgrade und beraten die Gemeinde in Fragen des abwehrenden Brandschutzes und des technischen Hilfsdienstes: Vinzent Ernstberger1. Kommandant Martin Profendinerstellvertretender Kommandant Herbert Prussasstellvertretender Kommandant Die Freiwillige Feuerwehr Reichertshausen ist eine \u00f6ffentliche Einrichtung der Gemeinde Reichertshausen unter F\u00fchrung des ersten und zweiten Kommandanten. Ihre &hellip; <a href=\"https:\/\/www.ff-reichertshausen.de\/cms\/ueber-uns\/\" class=\"more-link\"><span class=\"screen-reader-text\">\u00dcber uns<\/span> weiterlesen <span class=\"meta-nav\">&rarr;<\/span><\/a><\/p>\n","protected":false},"author":39,"featured_media":0,"parent":0,"menu_order":0,"comment_status":"closed","ping_status":"closed","template":"","meta":{"footnotes":""},"class_list":["post-2270","page","type-page","status-publish","hentry"],"_links":{"self":[{"href":"https:\/\/www.ff-reichertshausen.de\/cms\/wp-json\/wp\/v2\/pages\/2270","targetHints":{"allow":["GET"]}}],"collection":[{"href":"https:\/\/www.ff-reichertshausen.de\/cms\/wp-json\/wp\/v2\/pages"}],"about":[{"href":"https:\/\/www.ff-reichertshausen.de\/cms\/wp-json\/wp\/v2\/types\/page"}],"author":[{"embeddable":true,"href":"https:\/\/www.ff-reichertshausen.de\/cms\/wp-json\/wp\/v2\/users\/39"}],"replies":[{"embeddable":true,"href":"https:\/\/www.ff-reichertshausen.de\/cms\/wp-json\/wp\/v2\/comments?post=2270"}],"version-history":[{"count":13,"href":"https:\/\/www.ff-reichertshausen.de\/cms\/wp-json\/wp\/v2\/pages\/2270\/revisions"}],"predecessor-version":[{"id":5638,"href":"https:\/\/www.ff-reichertshausen.de\/cms\/wp-json\/wp\/v2\/pages\/2270\/revisions\/5638"}],"wp:attachment":[{"href":"https:\/\/www.ff-reichertshausen.de\/cms\/wp-json\/wp\/v2\/media?parent=2270"}],"curies":[{"name":"wp","href":"https:\/\/api.w.org\/{rel}","templated":true}]}}